{"id":24,"date":"2022-11-15T17:42:25","date_gmt":"2022-11-15T14:42:25","guid":{"rendered":"https:\/\/hastanemimari.com\/?page_id=24"},"modified":"2022-11-19T13:33:49","modified_gmt":"2022-11-19T10:33:49","slug":"projelendirme","status":"publish","type":"page","link":"https:\/\/hastanemimari.com\/index.php\/projelendirme\/","title":{"rendered":"Projelendirme"},"content":{"rendered":"\n<figure class=\"wp-block-image size-large is-resized\"><img loading=\"lazy\" decoding=\"async\" src=\"https:\/\/hastanemimari.com\/wp-content\/uploads\/2022\/11\/HastaneProjesi-1024x521.png\" alt=\"\" class=\"wp-image-80\" width=\"1105\" height=\"562\" srcset=\"https:\/\/hastanemimari.com\/wp-content\/uploads\/2022\/11\/HastaneProjesi-1024x521.png 1024w, https:\/\/hastanemimari.com\/wp-content\/uploads\/2022\/11\/HastaneProjesi-300x153.png 300w, https:\/\/hastanemimari.com\/wp-content\/uploads\/2022\/11\/HastaneProjesi-768x391.png 768w, https:\/\/hastanemimari.com\/wp-content\/uploads\/2022\/11\/HastaneProjesi.png 1385w\" sizes=\"auto, (max-width: 1105px) 100vw, 1105px\" \/><\/figure>\n\n\n\n<p>Hastane projemize ba\u015flamam\u0131z i\u00e7in elimizde bir fizibilite \u00e7al\u0131\u015fmas\u0131, bir ihtiya\u00e7 program\u0131 ve arazi bilgilerinin var oldu\u011funu varsayarak projelendirme a\u015famalar\u0131m\u0131za ge\u00e7ece\u011fiz.<\/p>\n\n\n\n<p>Bir hastane projesinin bile\u015fenleri;<\/p>\n\n\n\n<ul class=\"wp-block-list\">\n<li>Mimari Proje\n<ul class=\"wp-block-list\">\n<li><a href=\"https:\/\/hastanemimari.com\/index.php\/projelendirme\/insaat-alan-hesabi\/\">\u0130n\u015faat Alan\u0131 Hesab\u0131 <\/a><\/li>\n\n\n\n<li>Mimari Et\u00fct ve Planlama\n<ul class=\"wp-block-list\">\n<li>Fonksiyonlar\u0131n ihtiya\u00e7 program\u0131na g\u00f6re da\u011f\u0131l\u0131m\u0131-Alan Planlamas\u0131<\/li>\n\n\n\n<li>Sirk\u00fclasyon Planlar\u0131 (Hasta, Doktor, Ziyaret\u00e7i, Personel, \u00dcr\u00fcn-Malzeme)<\/li>\n\n\n\n<li>Yang\u0131n Zonlar\u0131<\/li>\n\n\n\n<li>Mahal Listesi<\/li>\n<\/ul>\n<\/li>\n\n\n\n<li>\u00d6n Proje (Avan Proje) <\/li>\n\n\n\n<li>Konsept Proje Raporu<\/li>\n\n\n\n<li>Konsept Proje<\/li>\n\n\n\n<li>Ruhsat Projesi<\/li>\n\n\n\n<li>Uygulama Projesi\n<ul class=\"wp-block-list\">\n<li>Mimari Uygulama Projeleri\n<ul class=\"wp-block-list\">\n<li>Vaziyet Plan\u0131<\/li>\n\n\n\n<li>Kat Planlar\u0131<\/li>\n\n\n\n<li>Kesitler<\/li>\n\n\n\n<li>G\u00f6r\u00fcn\u00fc\u015fler<\/li>\n\n\n\n<li>Detay Projeleri\n<ul class=\"wp-block-list\">\n<li>Genel \n<ul class=\"wp-block-list\">\n<li>Merdiven Detaylar\u0131<\/li>\n\n\n\n<li>Duvar Tipi Detaylar\u0131<\/li>\n\n\n\n<li>B\u00f6l\u00fcmlendirme elemanlar\u0131 detaylar\u0131<\/li>\n\n\n\n<li>Tavan Detaylar\u0131<\/li>\n\n\n\n<li>Zemin Detaylar\u0131<\/li>\n\n\n\n<li>S\u00fcp\u00fcrgelik Detaylar\u0131<\/li>\n\n\n\n<li>Kap\u0131 Detaylar\u0131<\/li>\n\n\n\n<li>Duvar Koruma Bariyeri Detaylar\u0131<\/li>\n\n\n\n<li>Sabit Mobilya Detaylar\u0131<\/li>\n\n\n\n<li>Asans\u00f6r Detaylar\u0131<\/li>\n<\/ul>\n<\/li>\n\n\n\n<li>Hastane\n<ul class=\"wp-block-list\">\n<li>Hasta Odas\u0131 Detaylar\u0131<\/li>\n\n\n\n<li>\u0130zolasyon Odas\u0131 Detaylar\u0131<\/li>\n\n\n\n<li>Doktor -Muayne Odas\u0131 Detaylar\u0131<\/li>\n\n\n\n<li>Yo\u011fun Bak\u0131m Odas\u0131 Detaylar\u0131<\/li>\n\n\n\n<li>\u0130la\u00e7 Haz\u0131rlama-Temiz Oda detaylar\u0131<\/li>\n\n\n\n<li>Kiler-Besleme Odas\u0131 Detaylar\u0131<\/li>\n\n\n\n<li>Temizlik\u00e7i odas\u0131 -Kirli oda detaylar\u0131 <\/li>\n\n\n\n<li>Yatan Hasta Koridoru-Hem\u015fire Bankosu Detaylar\u0131<\/li>\n\n\n\n<li>Poliklinik koridoru-Resepsiyon Bankosu detaylar\u0131<\/li>\n\n\n\n<li>MR Odas\u0131 Detaylar\u0131<\/li>\n\n\n\n<li>CT Scan Odas\u0131 Detaylar\u0131<\/li>\n\n\n\n<li>Anjiyo Odas\u0131 Detaylar\u0131<\/li>\n\n\n\n<li>Ameliyathane Detaylar\u0131<\/li>\n\n\n\n<li>Mutfak Detaylar\u0131<\/li>\n\n\n\n<li>\u00c7ama\u015f\u0131rhane Detaylar\u0131<\/li>\n\n\n\n<li>Sterilizasyon \u00dcnitesi Detaylar\u0131<\/li>\n\n\n\n<li>Tipik WC detaylar\u0131<\/li>\n\n\n\n<li>Personel Soyunma Odas\u0131 Detaylar<\/li>\n\n\n\n<li>\u00c7ocuk WC detaylar\u0131<\/li>\n<\/ul>\n<\/li>\n<\/ul>\n<\/li>\n<\/ul>\n<\/li>\n\n\n\n<li>\u0130\u00e7 Mimari Uygulama Projeleri\n<ul class=\"wp-block-list\">\n<li>Konsept Tasar\u0131m Raporu<\/li>\n<\/ul>\n<\/li>\n\n\n\n<li>Cephe Projeleri<\/li>\n\n\n\n<li>Peyzaj Projesi<\/li>\n\n\n\n<li>Mimari Ayd\u0131nlatma Projesi (Bina)<\/li>\n<\/ul>\n<\/li>\n<\/ul>\n<\/li>\n\n\n\n<li>Medikal Proje \n<ul class=\"wp-block-list\">\n<li>Medikal Ekipman \u0130htiya\u00e7 Listesi<\/li>\n\n\n\n<li>Medikal Ekipman \u00d6n B\u00fct\u00e7elendirme<\/li>\n\n\n\n<li>Medikal Ekipman Yerle\u015fim Projesi<\/li>\n<\/ul>\n<\/li>\n\n\n\n<li>Mekanik Proje\n<ul class=\"wp-block-list\">\n<li>Mekanik Proje Konsept Raporu<\/li>\n\n\n\n<li>Mekanik \u00d6n Proje<\/li>\n\n\n\n<li>Mekanik Ruhsat Projesi<\/li>\n\n\n\n<li>Mekanik Uygulama Projesi<\/li>\n\n\n\n<li>Mekanik Proje Raporu<\/li>\n<\/ul>\n<\/li>\n\n\n\n<li>Elektrik Projesi\n<ul class=\"wp-block-list\">\n<li>Elektrik Projesi Konsept Raporu<\/li>\n\n\n\n<li>Elektrik \u00d6n Proje<\/li>\n\n\n\n<li>Elektrik Ruhsat Projesi<\/li>\n\n\n\n<li>Elektrik Uygulama Projesi<\/li>\n\n\n\n<li>Elektrik Proje Raporu<\/li>\n<\/ul>\n<\/li>\n\n\n\n<li>Yang\u0131n Projeleri ve Raporlar\u0131\n\n\n\n\n\n\n<ul class=\"wp-block-list\">\n<li>Yang\u0131n Projeleri  \u00d6n Raporu ve Standartlar\u0131n Belirlenmesi<\/li>\n<\/ul>\n\n\n\n<ul class=\"wp-block-list\">\n<li>Acil Durum Ayd\u0131nlatmas\u0131 ve Y\u00f6nlendirmesi Raporu <\/li>\n\n\n\n<li>Yang\u0131n Alg\u0131lama ve Uyar\u0131 Sistemleri Raporu <\/li>\n\n\n\n<li>Elektrik Tesisat\u0131 Ve Acil Durum Cihazlar\u0131n\u0131n Enerji Beslenmesi Raporu <\/li>\n\n\n\n<li>Mimari Tasar\u0131mda Yang\u0131n G\u00fcvenli\u011fi Raporu <\/li>\n\n\n\n<li>Yang\u0131n S\u00f6nd\u00fcrme Sistemleri Raporu<\/li>\n\n\n\n<li>Duman Kontrol Sistemleri Raporu <\/li>\n\n\n\n<li>Y\u00fck,Yolcu ve Acil Durum Asans\u00f6rleri Raporu <\/li>\n\n\n\n<li>Yang\u0131n Sistemleri ve Cihazlar\u0131n\u0131n \u0130zlenmesi ve Kontrol\u00fc Raporu <\/li>\n<\/ul>\n<\/li>\n\n\n\n<li>Statik Proje\n<ul class=\"wp-block-list\">\n<li>Statik Proje Konsept Raporu<\/li>\n\n\n\n<li>Statik Ruhsat Projesi<\/li>\n\n\n\n<li>Statik Uygulama Projesi<\/li>\n\n\n\n<li>Statik Proje Raporu<\/li>\n<\/ul>\n<\/li>\n<\/ul>\n\n\n\n<p><\/p>\n\n\n\n<p><\/p>\n","protected":false},"excerpt":{"rendered":"<p>Hastane projemize ba\u015flamam\u0131z i\u00e7in elimizde bir fizibilite \u00e7al\u0131\u015fmas\u0131, bir ihtiya\u00e7 program\u0131 ve arazi bilgilerinin var oldu\u011funu varsayarak projelendirme a\u015famalar\u0131m\u0131za ge\u00e7ece\u011fiz. Bir hastane projesinin bile\u015fenleri;<\/p>\n","protected":false},"author":1,"featured_media":0,"parent":0,"menu_order":0,"comment_status":"closed","ping_status":"closed","template":"","meta":{"footnotes":""},"class_list":["post-24","page","type-page","status-publish"],"yoast_head":"<!-- This site is optimized with the Yoast SEO plugin v19.10 - https:\/\/yoast.com\/wordpress\/plugins\/seo\/ -->\n<title>Projelendirme - Hastane Mimar\u0131<\/title>\n<meta name=\"robots\" content=\"index, follow, max-snippet:-1, max-image-preview:large, max-video-preview:-1\" \/>\n<link rel=\"canonical\" href=\"https:\/\/hastanemimari.com\/index.php\/projelendirme\/\" \/>\n<meta property=\"og:locale\" content=\"tr_TR\" \/>\n<meta property=\"og:type\" content=\"article\" \/>\n<meta property=\"og:title\" content=\"Projelendirme - Hastane Mimar\u0131\" \/>\n<meta property=\"og:description\" content=\"Hastane projemize ba\u015flamam\u0131z i\u00e7in elimizde bir fizibilite \u00e7al\u0131\u015fmas\u0131, bir ihtiya\u00e7 program\u0131 ve arazi bilgilerinin var oldu\u011funu varsayarak projelendirme a\u015famalar\u0131m\u0131za ge\u00e7ece\u011fiz. Bir hastane projesinin bile\u015fenleri;\" \/>\n<meta property=\"og:url\" content=\"https:\/\/hastanemimari.com\/index.php\/projelendirme\/\" \/>\n<meta property=\"og:site_name\" content=\"Hastane Mimar\u0131\" \/>\n<meta property=\"article:publisher\" content=\"https:\/\/www.facebook.com\/sogomimarlik\" \/>\n<meta property=\"article:modified_time\" content=\"2022-11-19T10:33:49+00:00\" \/>\n<meta property=\"og:image\" content=\"https:\/\/hastanemimari.com\/wp-content\/uploads\/2022\/11\/HastaneProjesi-1024x521.png\" \/>\n<meta name=\"twitter:card\" content=\"summary_large_image\" \/>\n<meta name=\"twitter:label1\" content=\"Tahmini okuma s\u00fcresi\" \/>\n\t<meta name=\"twitter:data1\" content=\"3 dakika\" \/>\n<script type=\"application\/ld+json\" class=\"yoast-schema-graph\">{\"@context\":\"https:\/\/schema.org\",\"@graph\":[{\"@type\":\"WebPage\",\"@id\":\"https:\/\/hastanemimari.com\/index.php\/projelendirme\/\",\"url\":\"https:\/\/hastanemimari.com\/index.php\/projelendirme\/\",\"name\":\"Projelendirme - Hastane Mimar\u0131\",\"isPartOf\":{\"@id\":\"https:\/\/hastanemimari.com\/#website\"},\"datePublished\":\"2022-11-15T14:42:25+00:00\",\"dateModified\":\"2022-11-19T10:33:49+00:00\",\"breadcrumb\":{\"@id\":\"https:\/\/hastanemimari.com\/index.php\/projelendirme\/#breadcrumb\"},\"inLanguage\":\"tr\",\"potentialAction\":[{\"@type\":\"ReadAction\",\"target\":[\"https:\/\/hastanemimari.com\/index.php\/projelendirme\/\"]}]},{\"@type\":\"BreadcrumbList\",\"@id\":\"https:\/\/hastanemimari.com\/index.php\/projelendirme\/#breadcrumb\",\"itemListElement\":[{\"@type\":\"ListItem\",\"position\":1,\"name\":\"Hastane Mimar\u0131\",\"item\":\"https:\/\/hastanemimari.com\/\"},{\"@type\":\"ListItem\",\"position\":2,\"name\":\"Projelendirme\"}]},{\"@type\":\"WebSite\",\"@id\":\"https:\/\/hastanemimari.com\/#website\",\"url\":\"https:\/\/hastanemimari.com\/\",\"name\":\"Hastane Mimar\u0131\",\"description\":\"Hastane projeleri hakk\u0131nda her\u015fey\",\"publisher\":{\"@id\":\"https:\/\/hastanemimari.com\/#\/schema\/person\/d8e7b0b159e8315eacaf999c545ddf94\"},\"potentialAction\":[{\"@type\":\"SearchAction\",\"target\":{\"@type\":\"EntryPoint\",\"urlTemplate\":\"https:\/\/hastanemimari.com\/?s={search_term_string}\"},\"query-input\":\"required name=search_term_string\"}],\"inLanguage\":\"tr\"},{\"@type\":[\"Person\",\"Organization\"],\"@id\":\"https:\/\/hastanemimari.com\/#\/schema\/person\/d8e7b0b159e8315eacaf999c545ddf94\",\"name\":\"admin\",\"image\":{\"@type\":\"ImageObject\",\"inLanguage\":\"tr\",\"@id\":\"https:\/\/hastanemimari.com\/#\/schema\/person\/image\/\",\"url\":\"https:\/\/hastanemimari.com\/wp-content\/uploads\/2022\/11\/cropped-Beyaz-Zarif-Isim-Bas-Harfli-Logo-1-e1668897993455.png\",\"contentUrl\":\"https:\/\/hastanemimari.com\/wp-content\/uploads\/2022\/11\/cropped-Beyaz-Zarif-Isim-Bas-Harfli-Logo-1-e1668897993455.png\",\"width\":200,\"height\":77,\"caption\":\"admin\"},\"logo\":{\"@id\":\"https:\/\/hastanemimari.com\/#\/schema\/person\/image\/\"},\"sameAs\":[\"https:\/\/hastanemimari.com\",\"https:\/\/www.facebook.com\/sogomimarlik\",\"https:\/\/www.instagram.com\/sogomimarlik\/\",\"https:\/\/www.linkedin.com\/company\/sogo-mimarlik\"]}]}<\/script>\n<!-- \/ Yoast SEO plugin. -->","yoast_head_json":{"title":"Projelendirme - Hastane Mimar\u0131","robots":{"index":"index","follow":"follow","max-snippet":"max-snippet:-1","max-image-preview":"max-image-preview:large","max-video-preview":"max-video-preview:-1"},"canonical":"https:\/\/hastanemimari.com\/index.php\/projelendirme\/","og_locale":"tr_TR","og_type":"article","og_title":"Projelendirme - Hastane Mimar\u0131","og_description":"Hastane projemize ba\u015flamam\u0131z i\u00e7in elimizde bir fizibilite \u00e7al\u0131\u015fmas\u0131, bir ihtiya\u00e7 program\u0131 ve arazi bilgilerinin var oldu\u011funu varsayarak projelendirme a\u015famalar\u0131m\u0131za ge\u00e7ece\u011fiz. Bir hastane projesinin bile\u015fenleri;","og_url":"https:\/\/hastanemimari.com\/index.php\/projelendirme\/","og_site_name":"Hastane Mimar\u0131","article_publisher":"https:\/\/www.facebook.com\/sogomimarlik","article_modified_time":"2022-11-19T10:33:49+00:00","og_image":[{"url":"https:\/\/hastanemimari.com\/wp-content\/uploads\/2022\/11\/HastaneProjesi-1024x521.png"}],"twitter_card":"summary_large_image","twitter_misc":{"Tahmini okuma s\u00fcresi":"3 dakika"},"schema":{"@context":"https:\/\/schema.org","@graph":[{"@type":"WebPage","@id":"https:\/\/hastanemimari.com\/index.php\/projelendirme\/","url":"https:\/\/hastanemimari.com\/index.php\/projelendirme\/","name":"Projelendirme - Hastane Mimar\u0131","isPartOf":{"@id":"https:\/\/hastanemimari.com\/#website"},"datePublished":"2022-11-15T14:42:25+00:00","dateModified":"2022-11-19T10:33:49+00:00","breadcrumb":{"@id":"https:\/\/hastanemimari.com\/index.php\/projelendirme\/#breadcrumb"},"inLanguage":"tr","potentialAction":[{"@type":"ReadAction","target":["https:\/\/hastanemimari.com\/index.php\/projelendirme\/"]}]},{"@type":"BreadcrumbList","@id":"https:\/\/hastanemimari.com\/index.php\/projelendirme\/#breadcrumb","itemListElement":[{"@type":"ListItem","position":1,"name":"Hastane Mimar\u0131","item":"https:\/\/hastanemimari.com\/"},{"@type":"ListItem","position":2,"name":"Projelendirme"}]},{"@type":"WebSite","@id":"https:\/\/hastanemimari.com\/#website","url":"https:\/\/hastanemimari.com\/","name":"Hastane Mimar\u0131","description":"Hastane projeleri hakk\u0131nda her\u015fey","publisher":{"@id":"https:\/\/hastanemimari.com\/#\/schema\/person\/d8e7b0b159e8315eacaf999c545ddf94"},"potentialAction":[{"@type":"SearchAction","target":{"@type":"EntryPoint","urlTemplate":"https:\/\/hastanemimari.com\/?s={search_term_string}"},"query-input":"required name=search_term_string"}],"inLanguage":"tr"},{"@type":["Person","Organization"],"@id":"https:\/\/hastanemimari.com\/#\/schema\/person\/d8e7b0b159e8315eacaf999c545ddf94","name":"admin","image":{"@type":"ImageObject","inLanguage":"tr","@id":"https:\/\/hastanemimari.com\/#\/schema\/person\/image\/","url":"https:\/\/hastanemimari.com\/wp-content\/uploads\/2022\/11\/cropped-Beyaz-Zarif-Isim-Bas-Harfli-Logo-1-e1668897993455.png","contentUrl":"https:\/\/hastanemimari.com\/wp-content\/uploads\/2022\/11\/cropped-Beyaz-Zarif-Isim-Bas-Harfli-Logo-1-e1668897993455.png","width":200,"height":77,"caption":"admin"},"logo":{"@id":"https:\/\/hastanemimari.com\/#\/schema\/person\/image\/"},"sameAs":["https:\/\/hastanemimari.com","https:\/\/www.facebook.com\/sogomimarlik","https:\/\/www.instagram.com\/sogomimarlik\/","https:\/\/www.linkedin.com\/company\/sogo-mimarlik"]}]}},"_links":{"self":[{"href":"https:\/\/hastanemimari.com\/index.php\/wp-json\/wp\/v2\/pages\/24","targetHints":{"allow":["GET"]}}],"collection":[{"href":"https:\/\/hastanemimari.com\/index.php\/wp-json\/wp\/v2\/pages"}],"about":[{"href":"https:\/\/hastanemimari.com\/index.php\/wp-json\/wp\/v2\/types\/page"}],"author":[{"embeddable":true,"href":"https:\/\/hastanemimari.com\/index.php\/wp-json\/wp\/v2\/users\/1"}],"replies":[{"embeddable":true,"href":"https:\/\/hastanemimari.com\/index.php\/wp-json\/wp\/v2\/comments?post=24"}],"version-history":[{"count":12,"href":"https:\/\/hastanemimari.com\/index.php\/wp-json\/wp\/v2\/pages\/24\/revisions"}],"predecessor-version":[{"id":278,"href":"https:\/\/hastanemimari.com\/index.php\/wp-json\/wp\/v2\/pages\/24\/revisions\/278"}],"wp:attachment":[{"href":"https:\/\/hastanemimari.com\/index.php\/wp-json\/wp\/v2\/media?parent=24"}],"curies":[{"name":"wp","href":"https:\/\/api.w.org\/{rel}","templated":true}]}}