{"id":122,"date":"2022-11-16T16:14:11","date_gmt":"2022-11-16T13:14:11","guid":{"rendered":"https:\/\/hastanemimari.com\/?page_id=122"},"modified":"2022-11-20T01:34:31","modified_gmt":"2022-11-19T22:34:31","slug":"iletisim","status":"publish","type":"page","link":"https:\/\/hastanemimari.com\/index.php\/iletisim\/","title":{"rendered":"\u0130leti\u015fim"},"content":{"rendered":"\n<pre class=\"wp-block-preformatted\">17 y\u0131ll\u0131k yurt i\u00e7i ve yurt d\u0131\u015f\u0131nda mimari proje, uygulama, \u015fantiye \u015fefli\u011fi ,proje m\u00fcd\u00fcrl\u00fc\u011f\u00fc ve y\u00f6neticilik tecr\u00fcbem ile kurumlara ve \u015fah\u0131slara mimari dan\u0131\u015fmanl\u0131k hizmeti vermekle birlikte SOGO Mimarl\u0131k TPU b\u00fcnyesinde Tasar\u0131m-Proje-Uygulama hizmetleri vermekteyim.\n\nHizmet verdi\u011fim alanlar ile ilgili bana ula\u015fmak ve i\u015fbirli\u011fi yapmak i\u00e7in a\u015fa\u011f\u0131daki ileti\u015fim bilgilerime ba\u015fvurabilirsiniz.\nMimar \u015eenol G\u00d6KNER\n\nE-posta: senol[@]sogomimarlik.com\nGSM: +90 532 632 04 36 \nWeb: <a href=\"http:\/\/www.sogomimarlik.com\">www.sogomimarlik.com <\/a>\n\n<\/pre>\n\n\n\n<p><\/p>\n","protected":false},"excerpt":{"rendered":"<p>17 y\u0131ll\u0131k yurt i\u00e7i ve yurt d\u0131\u015f\u0131nda mimari proje, uygulama, \u015fantiye \u015fefli\u011fi ,proje m\u00fcd\u00fcrl\u00fc\u011f\u00fc ve y\u00f6neticilik tecr\u00fcbem ile kurumlara ve \u015fah\u0131slara mimari dan\u0131\u015fmanl\u0131k hizmeti vermekle birlikte SOGO Mimarl\u0131k TPU b\u00fcnyesinde Tasar\u0131m-Proje-Uygulama hizmetleri vermekteyim. Hizmet verdi\u011fim alanlar ile ilgili bana ula\u015fmak ve i\u015fbirli\u011fi yapmak i\u00e7in a\u015fa\u011f\u0131daki ileti\u015fim bilgilerime ba\u015fvurabilirsiniz. Mimar \u015eenol G\u00d6KNER E-posta: senol[@]sogomimarlik.com GSM: +90 &#8230; <a title=\"\u0130leti\u015fim\" class=\"read-more\" href=\"https:\/\/hastanemimari.com\/index.php\/iletisim\/\" aria-label=\"More on \u0130leti\u015fim\">Devam\u0131n\u0131 oku&#8230;<\/a><\/p>\n","protected":false},"author":1,"featured_media":0,"parent":0,"menu_order":0,"comment_status":"closed","ping_status":"closed","template":"","meta":{"footnotes":""},"class_list":["post-122","page","type-page","status-publish"],"yoast_head":"<!-- This site is optimized with the Yoast SEO plugin v19.10 - https:\/\/yoast.com\/wordpress\/plugins\/seo\/ -->\n<title>\u0130leti\u015fim - Hastane Mimar\u0131<\/title>\n<meta name=\"robots\" content=\"index, follow, max-snippet:-1, max-image-preview:large, max-video-preview:-1\" \/>\n<link rel=\"canonical\" href=\"https:\/\/hastanemimari.com\/index.php\/iletisim\/\" \/>\n<meta property=\"og:locale\" content=\"tr_TR\" \/>\n<meta property=\"og:type\" content=\"article\" \/>\n<meta property=\"og:title\" content=\"\u0130leti\u015fim - Hastane Mimar\u0131\" \/>\n<meta property=\"og:description\" content=\"17 y\u0131ll\u0131k yurt i\u00e7i ve yurt d\u0131\u015f\u0131nda mimari proje, uygulama, \u015fantiye \u015fefli\u011fi ,proje m\u00fcd\u00fcrl\u00fc\u011f\u00fc ve y\u00f6neticilik tecr\u00fcbem ile kurumlara ve \u015fah\u0131slara mimari dan\u0131\u015fmanl\u0131k hizmeti vermekle birlikte SOGO Mimarl\u0131k TPU b\u00fcnyesinde Tasar\u0131m-Proje-Uygulama hizmetleri vermekteyim. Hizmet verdi\u011fim alanlar ile ilgili bana ula\u015fmak ve i\u015fbirli\u011fi yapmak i\u00e7in a\u015fa\u011f\u0131daki ileti\u015fim bilgilerime ba\u015fvurabilirsiniz. Mimar \u015eenol G\u00d6KNER E-posta: senol[@]sogomimarlik.com GSM: +90 ... Devam\u0131n\u0131 oku...\" \/>\n<meta property=\"og:url\" content=\"https:\/\/hastanemimari.com\/index.php\/iletisim\/\" \/>\n<meta property=\"og:site_name\" content=\"Hastane Mimar\u0131\" \/>\n<meta property=\"article:publisher\" content=\"https:\/\/www.facebook.com\/sogomimarlik\" \/>\n<meta property=\"article:modified_time\" content=\"2022-11-19T22:34:31+00:00\" \/>\n<meta name=\"twitter:card\" content=\"summary_large_image\" \/>\n<meta name=\"twitter:label1\" content=\"Tahmini okuma s\u00fcresi\" \/>\n\t<meta name=\"twitter:data1\" content=\"1 dakika\" \/>\n<script type=\"application\/ld+json\" class=\"yoast-schema-graph\">{\"@context\":\"https:\/\/schema.org\",\"@graph\":[{\"@type\":\"WebPage\",\"@id\":\"https:\/\/hastanemimari.com\/index.php\/iletisim\/\",\"url\":\"https:\/\/hastanemimari.com\/index.php\/iletisim\/\",\"name\":\"\u0130leti\u015fim - Hastane Mimar\u0131\",\"isPartOf\":{\"@id\":\"https:\/\/hastanemimari.com\/#website\"},\"datePublished\":\"2022-11-16T13:14:11+00:00\",\"dateModified\":\"2022-11-19T22:34:31+00:00\",\"breadcrumb\":{\"@id\":\"https:\/\/hastanemimari.com\/index.php\/iletisim\/#breadcrumb\"},\"inLanguage\":\"tr\",\"potentialAction\":[{\"@type\":\"ReadAction\",\"target\":[\"https:\/\/hastanemimari.com\/index.php\/iletisim\/\"]}]},{\"@type\":\"BreadcrumbList\",\"@id\":\"https:\/\/hastanemimari.com\/index.php\/iletisim\/#breadcrumb\",\"itemListElement\":[{\"@type\":\"ListItem\",\"position\":1,\"name\":\"Hastane Mimar\u0131\",\"item\":\"https:\/\/hastanemimari.com\/\"},{\"@type\":\"ListItem\",\"position\":2,\"name\":\"\u0130leti\u015fim\"}]},{\"@type\":\"WebSite\",\"@id\":\"https:\/\/hastanemimari.com\/#website\",\"url\":\"https:\/\/hastanemimari.com\/\",\"name\":\"Hastane Mimar\u0131\",\"description\":\"Hastane projeleri hakk\u0131nda her\u015fey\",\"publisher\":{\"@id\":\"https:\/\/hastanemimari.com\/#\/schema\/person\/d8e7b0b159e8315eacaf999c545ddf94\"},\"potentialAction\":[{\"@type\":\"SearchAction\",\"target\":{\"@type\":\"EntryPoint\",\"urlTemplate\":\"https:\/\/hastanemimari.com\/?s={search_term_string}\"},\"query-input\":\"required name=search_term_string\"}],\"inLanguage\":\"tr\"},{\"@type\":[\"Person\",\"Organization\"],\"@id\":\"https:\/\/hastanemimari.com\/#\/schema\/person\/d8e7b0b159e8315eacaf999c545ddf94\",\"name\":\"admin\",\"image\":{\"@type\":\"ImageObject\",\"inLanguage\":\"tr\",\"@id\":\"https:\/\/hastanemimari.com\/#\/schema\/person\/image\/\",\"url\":\"https:\/\/hastanemimari.com\/wp-content\/uploads\/2022\/11\/cropped-Beyaz-Zarif-Isim-Bas-Harfli-Logo-1-e1668897993455.png\",\"contentUrl\":\"https:\/\/hastanemimari.com\/wp-content\/uploads\/2022\/11\/cropped-Beyaz-Zarif-Isim-Bas-Harfli-Logo-1-e1668897993455.png\",\"width\":200,\"height\":77,\"caption\":\"admin\"},\"logo\":{\"@id\":\"https:\/\/hastanemimari.com\/#\/schema\/person\/image\/\"},\"sameAs\":[\"https:\/\/hastanemimari.com\",\"https:\/\/www.facebook.com\/sogomimarlik\",\"https:\/\/www.instagram.com\/sogomimarlik\/\",\"https:\/\/www.linkedin.com\/company\/sogo-mimarlik\"]}]}<\/script>\n<!-- \/ Yoast SEO plugin. -->","yoast_head_json":{"title":"\u0130leti\u015fim - Hastane Mimar\u0131","robots":{"index":"index","follow":"follow","max-snippet":"max-snippet:-1","max-image-preview":"max-image-preview:large","max-video-preview":"max-video-preview:-1"},"canonical":"https:\/\/hastanemimari.com\/index.php\/iletisim\/","og_locale":"tr_TR","og_type":"article","og_title":"\u0130leti\u015fim - Hastane Mimar\u0131","og_description":"17 y\u0131ll\u0131k yurt i\u00e7i ve yurt d\u0131\u015f\u0131nda mimari proje, uygulama, \u015fantiye \u015fefli\u011fi ,proje m\u00fcd\u00fcrl\u00fc\u011f\u00fc ve y\u00f6neticilik tecr\u00fcbem ile kurumlara ve \u015fah\u0131slara mimari dan\u0131\u015fmanl\u0131k hizmeti vermekle birlikte SOGO Mimarl\u0131k TPU b\u00fcnyesinde Tasar\u0131m-Proje-Uygulama hizmetleri vermekteyim. Hizmet verdi\u011fim alanlar ile ilgili bana ula\u015fmak ve i\u015fbirli\u011fi yapmak i\u00e7in a\u015fa\u011f\u0131daki ileti\u015fim bilgilerime ba\u015fvurabilirsiniz. Mimar \u015eenol G\u00d6KNER E-posta: senol[@]sogomimarlik.com GSM: +90 ... Devam\u0131n\u0131 oku...","og_url":"https:\/\/hastanemimari.com\/index.php\/iletisim\/","og_site_name":"Hastane Mimar\u0131","article_publisher":"https:\/\/www.facebook.com\/sogomimarlik","article_modified_time":"2022-11-19T22:34:31+00:00","twitter_card":"summary_large_image","twitter_misc":{"Tahmini okuma s\u00fcresi":"1 dakika"},"schema":{"@context":"https:\/\/schema.org","@graph":[{"@type":"WebPage","@id":"https:\/\/hastanemimari.com\/index.php\/iletisim\/","url":"https:\/\/hastanemimari.com\/index.php\/iletisim\/","name":"\u0130leti\u015fim - Hastane Mimar\u0131","isPartOf":{"@id":"https:\/\/hastanemimari.com\/#website"},"datePublished":"2022-11-16T13:14:11+00:00","dateModified":"2022-11-19T22:34:31+00:00","breadcrumb":{"@id":"https:\/\/hastanemimari.com\/index.php\/iletisim\/#breadcrumb"},"inLanguage":"tr","potentialAction":[{"@type":"ReadAction","target":["https:\/\/hastanemimari.com\/index.php\/iletisim\/"]}]},{"@type":"BreadcrumbList","@id":"https:\/\/hastanemimari.com\/index.php\/iletisim\/#breadcrumb","itemListElement":[{"@type":"ListItem","position":1,"name":"Hastane Mimar\u0131","item":"https:\/\/hastanemimari.com\/"},{"@type":"ListItem","position":2,"name":"\u0130leti\u015fim"}]},{"@type":"WebSite","@id":"https:\/\/hastanemimari.com\/#website","url":"https:\/\/hastanemimari.com\/","name":"Hastane Mimar\u0131","description":"Hastane projeleri hakk\u0131nda her\u015fey","publisher":{"@id":"https:\/\/hastanemimari.com\/#\/schema\/person\/d8e7b0b159e8315eacaf999c545ddf94"},"potentialAction":[{"@type":"SearchAction","target":{"@type":"EntryPoint","urlTemplate":"https:\/\/hastanemimari.com\/?s={search_term_string}"},"query-input":"required name=search_term_string"}],"inLanguage":"tr"},{"@type":["Person","Organization"],"@id":"https:\/\/hastanemimari.com\/#\/schema\/person\/d8e7b0b159e8315eacaf999c545ddf94","name":"admin","image":{"@type":"ImageObject","inLanguage":"tr","@id":"https:\/\/hastanemimari.com\/#\/schema\/person\/image\/","url":"https:\/\/hastanemimari.com\/wp-content\/uploads\/2022\/11\/cropped-Beyaz-Zarif-Isim-Bas-Harfli-Logo-1-e1668897993455.png","contentUrl":"https:\/\/hastanemimari.com\/wp-content\/uploads\/2022\/11\/cropped-Beyaz-Zarif-Isim-Bas-Harfli-Logo-1-e1668897993455.png","width":200,"height":77,"caption":"admin"},"logo":{"@id":"https:\/\/hastanemimari.com\/#\/schema\/person\/image\/"},"sameAs":["https:\/\/hastanemimari.com","https:\/\/www.facebook.com\/sogomimarlik","https:\/\/www.instagram.com\/sogomimarlik\/","https:\/\/www.linkedin.com\/company\/sogo-mimarlik"]}]}},"_links":{"self":[{"href":"https:\/\/hastanemimari.com\/index.php\/wp-json\/wp\/v2\/pages\/122","targetHints":{"allow":["GET"]}}],"collection":[{"href":"https:\/\/hastanemimari.com\/index.php\/wp-json\/wp\/v2\/pages"}],"about":[{"href":"https:\/\/hastanemimari.com\/index.php\/wp-json\/wp\/v2\/types\/page"}],"author":[{"embeddable":true,"href":"https:\/\/hastanemimari.com\/index.php\/wp-json\/wp\/v2\/users\/1"}],"replies":[{"embeddable":true,"href":"https:\/\/hastanemimari.com\/index.php\/wp-json\/wp\/v2\/comments?post=122"}],"version-history":[{"count":8,"href":"https:\/\/hastanemimari.com\/index.php\/wp-json\/wp\/v2\/pages\/122\/revisions"}],"predecessor-version":[{"id":308,"href":"https:\/\/hastanemimari.com\/index.php\/wp-json\/wp\/v2\/pages\/122\/revisions\/308"}],"wp:attachment":[{"href":"https:\/\/hastanemimari.com\/index.php\/wp-json\/wp\/v2\/media?parent=122"}],"curies":[{"name":"wp","href":"https:\/\/api.w.org\/{rel}","templated":true}]}}